 - 27*v = -7824. What is the hundreds digit of v?
6
Suppose 2*x - 133 = y - 6, -5 = -5*y. Suppose -269 = -5*g + p + x, 0 = -3*g + 2*p + 204. Let u = -28 + g. What is the units digit of u?
8
Let l(k) = -1490*k**2 + 1525*k**2 + 21*k - 77 + 3*k. What is the hundreds digit of l(5)?
9
Let a(w) = -3438*w**3 - 27*w**2 - 2*w - 5. What is the tens digit of a(-2)?
9
Suppose 1017909 = -25*f + 44*f + 32*f. What is the hundreds digit of f?
9
What is the hundreds digit of (-562504)/(-12 - -4) - 2?
3
Let t be -5 - (-1 + 4/4). Let n = 10 - t. Let l = 5 + n. What is the tens digit of l?
2
Let n(s) = -s**3 + 33*s**2 - 117*s + 31. Let u be n(29). Let x(j) = 150*j + 5. What is the units digit of x(u)?
5
Suppose 3*p - 5*c - 373 = 118, c = -p + 153. Let b = p - -37. What is the units digit of b?
4
Suppose 4*s - 3*u - 2392 = 0, 2*s + 27*u = 32*u + 1196. Let w = s - -196. What is the hundreds digit of w?
7
Suppose 5*i = -j + 6536, 608 = 3*i + 3*j - 3304. What is the thousands digit of i?
1
Let r = 62 - -1324. Let n = r - 672. Suppose 3*z + 2*z = 2*h - 281, 0 = -5*h + z + n. What is the hundreds digit of h?
1
Let y be 1 + 9 + -4 + -4. Suppose -4*c + 1275 = y*f + 73, 2*f - 2 = 0. What is the tens digit of c/(-4)*-2 - -3?
5
Suppose -2*p + 4*p = -2*r + 408, 5*p = 4*r + 1029. Let q = p + -341. Let x = q - -242. What is the units digit of x?
6
Let l(v) = v**3 - 15*v**2 - 25*v - 39. Let x(d) = 2*d**3 - 15*d**2 - 27*d - 40. Let i(q) = 3*l(q) - 2*x(q). What is the tens digit of i(-15)?
7
Let g(u) = -20*u - 20. Let a be g(-1). Suppose a = -w - 15*w + 18752. What is the thousands digit of w?
1
Let r = 196 + -108. Let z = -75 + r. Suppose 9*k = z*k - 452. What is the hundreds digit of k?
1
Let f = -15 - -19. Suppose f*w = 2*w - 4, 5*h - 2*w - 1044 = 0. What is the tens digit of h?
0
Let d(y) = 267*y + 2366. What is the thousands digit of d(18)?
7
Suppose 4*h + 6 = -6. Let u be (0 - (h + -28)) + (-9)/3. Let o = -24 + u. What is the units digit of o?
4
Suppose -8*i = -14*i + 60. Suppose -7*q = -i*q - 60. Let g(l) = -6*l - 39. What is the units digit of g(q)?
1
Suppose -69*i + 58*i = -264. Suppose 2109 + 1803 = i*g. What is the units digit of g?
3
Let a(c) = -1953*c - 13. Let v be a(-1). Suppose -v = -7*j + 2*j + 2*d, 2*j = -5*d + 776. What is the units digit of j?
8
Suppose 0*r - r = -12. Let h(x) = 9 + r*x + 9*x + 16*x - 30*x. What is the units digit of h(9)?
2
Let x = -211 + 1747. What is the thousands digit of x?
1
Suppose l = 12*w - 17*w + 26250, 0 = 5*l - 2*w - 131169. What is the tens digit of l?
3
Suppose 0 - 12 = 6*j. Let p be (j - 0) + 2 + 11. Suppose p*k = 19*k - 848. What is the units digit of k?
6
Suppose -3*w + 1 = -8. Let q be w/((-9)/(-2))*-36. What is the units digit of q/32 - (-159)/4?
9
Let f be (28/35)/((-6)/15). What is the hundreds digit of 4/f*119/(-2)?
1
Let k(a) = 145*a**2 + 2*a. Let f be k(1). Suppose 0 = 6*b - 4*b + 150. Let c = b + f. What is the tens digit of c?
7
Let t(i) = 73*i + 1. Let p be t(4). Let u = p - -243. What is the hundreds digit of u?
5
Let j = 34941 + -20984. What is the units digit of j?
7
Suppose -9*x + 14*x - 24015 = 0. What is the tens digit of x?
0
Let f(s) = s**3 - 29*s**2 - 23*s + 25. Let x be f(30). Let q = 94 - x. Let h = 230 + q. What is the units digit of h?
9
Let b(o) = 235*o + 11. Let h be b(-4). Let x = h + 1335. Suppose -5*k + x = -74. What is the tens digit of k?
9
Let s = 169 + -117. Let x = 36 - s. What is the tens digit of ((-92)/x)/(5/20)?
2
Let p be -6*(-3)/6 + 0 + 0. Suppose -p*w + 250 = -w. What is the tens digit of w?
2
Let i = 6026 - 5115. What is the tens digit of i?
1
Let b = -14879 + 20210. What is the units digit of b?
1
Suppose 22*k + k - 65320 = -0*k. What is the thousands digit of k?
2
Let h = 221 + -132. Let q = -87 + h. Suppose 4*g + q*g - 462 = 0. What is the units digit of g?
7
Let c = -925 - -1093. What is the hundreds digit of (30/4)/(-1 + 169/c)?
2
Suppose 221 - 989 = -3*j. Let r = -5 + j. What is the tens digit of r?
5
Let s = -13501 - -20802. What is the thousands digit of s?
7
Suppose 3*x = -2*t - 8 + 14, 2*x = 4*t + 4. Suppose -1283 = -l + 5*d - 10*d, x*l - 2566 = -2*d. What is the thousands digit of l?
1
Let z(v) be the first derivative of v**4/4 - v**3 + v**2 + 2*v + 8. Let p be z(2). Suppose p*u + 696 = 6*u. What is the tens digit of u?
7
Suppose -g - 3*d + 36036 = 0, -1305*g + 1304*g - d + 36052 = 0. What is the thousands digit of g?
6
Suppose 72*m - 5*w = 77*m - 2345, 930 = 2*m - 2*w. What is the units digit of m?
7
Let z be 146 + (-5 - ((-36)/(-2))/(-3)). Suppose z = 8*d - 1605. What is the hundreds digit of d?
2
Let y = 10 - -14. Let u = y + -19. Suppose -4*c = u*c - 1764. What is the tens digit of c?
9
Let z = -29 - -41. Let x(y) = -9*y**2 + 41*y - 11. Let d be x(4). Let r = d + z. What is the units digit of r?
1
Suppose -4*a + 1 = -3*b, 1 = -b - 3*a - 21. What is the hundreds digit of (-948)/b + (-140)/(-245)?
1
Let k be (-10808)/(-18) + (-176)/396. Suppose -5*m + 1538 = 2*x, -2*m + 7*x + k = 4*x. What is the tens digit of m?
0
Let k = -4219 + 9438. Suppose 21*v - 4*v = k. What is the hundreds digit of v?
3
Suppose 35*v + 23*v = 625878. What is the tens digit of v?
9
Let x(d) = 315*d**2 - 37*d + 242. What is the units digit of x(5)?
2
Let t be 9 + 4/(20/(-15)). Suppose -8*j = -t*j - 16. Suppose 0 = -2*v + 32 + j. What is the units digit of v?
0
Let w(s) = s**3 + 22*s**2 + 29*s + 3. Let a = -370 - -352. What is the units digit of w(a)?
7
Let s(i) = -i**3 - 86*i**2 - 187*i - 199. What is the tens digit of s(-84)?
9
Suppose -4*c - 19 + 86 = -v, -3*c - 5*v + 33 = 0. Suppose c*k = 31*k - 2595. What is the units digit of k?
3
Suppose -13*k - 15870 = -15*k + 9*h, -4*k = h - 31626. What is the units digit of k?
8
Suppose 21*n - 19*n - 10894 = 0. Let d = n - 3505. What is the thousands digit of d?
1
Suppose -6*n - 3*n + 27 = 0. Suppose n*z = 43 - 19. Suppose -348 = -z*u + 2*u. What is the tens digit of u?
5
Let s be 20/((-6120)/(-10220) + 16/(-28)). Let f = -707 + 1199. Suppose -f = -2*v + 4*c, 7*v + 4*c + s = 10*v. What is the hundreds digit of v?
2
Let b(y) = -74*y - 114. Let c be b(-12). What is the tens digit of c/36 - (-9)/(-6)?
2
Let o be 4/14 + 20/28. Let w(f) = -29*f - 1. Let h be w(o). Let g = h + 92. What is the units digit of g?
2
Suppose 7*o = 46*o - 5773 - 935. What is the tens digit of o?
7
Let j be -2*(-236)/(-4)*-3. Let d = -195 + j. What is the hundreds digit of d?
1
Suppose 8*w + j - 41133 = 4*w, -4*w + 41123 = -j. What is the tens digit of w?
8
Suppose 3*o + 219 = -3*c + 543, -504 = -5*o + 4*c. Let p = o + 137. What is the tens digit of p?
4
Let h(v) = -v**3 + 154*v**2 + v + 165. Let x be h(0). Let f(g) = g**2 + 4*g - 3. Let r be f(-6). Suppose -r*t - x = -10*t. What is the tens digit of t?
6
Let y(i) = -742*i + 90. Let q(t) = 2227*t - 269. Let l(u) = 3*q(u) + 8*y(u). What is the units digit of l(2)?
3
Suppose -2*l - 62 = -2*s, 2*s + 3*l - 86 = -19. Let t = 36 - s. Suppose 0 = -2*h + t*k + 336, k = 4*h - k - 696. What is the hundreds digit of h?
1
Let t = 194 + -136. Let g = 178 - t. What is the units digit of g?
0
Suppose -24*f + 12*f + 144 = 0. Suppose -5*m + 3 = -t, f*m = t + 16*m - 42. What is the units digit of t?
2
Let m(b) = 8*b**3 + 12*b**2 + 48*b - 67. What is the tens digit of m(7)?
0
Let j(q) = 9 - 20*q - q + 10 + 18. What is the tens digit of j(-3)?
0
Suppose -3*g + 2*d - 3*d + 31233 = 0, -5*g = -2*d - 52044. What is the hundreds digit of g?
4
Let a(x) = x - 1. Let u be a(5). Suppose 0 = u*g + 3*r - 1802, 0 = -2*r - 2*r + 8. What is the tens digit of g?
4
Let w(o) = -o**3 + 10*o**2 - 8*o + 12. Let h(u) = -u**2 - 8*u + 19. Let d be h(-10). Let i be ((4 - -3)*d)/(-1). What is the hundreds digit of w(i)?
1
Suppose 4*x = -4*k + 62844, -98*x + 47145 = -95*x - k. What is the thousands digit of x?
5
Let p be ((-2768)/4)/4 - 2. Let h = p - -284. What is the hundreds digit of h?
1
Suppose -j = -9*j - 0*j. Suppose j = -3*s - l + 216 + 240, 762 = 5*s + l. What is the units digit of s?
3
Suppose 49709 = -7*b + 779. Let t be b/(-18) - ((-8)/3 - -3). Suppose -c = 2*y - y - 120, 4*y = 3*c - t. What is the hundreds digit of c?
1
Suppose 0 = 8*k + 178 + 286. Let l = 61 + k. What is the tens digit of (20/4 - 40)/(l/(-6))?
7
What is the units digit of -2*521/(-4) + 501/(-1002)?
